{"id":21,"date":"2011-04-04T22:15:36","date_gmt":"2011-04-04T20:15:36","guid":{"rendered":"http:\/\/www.muettergegenatomgefahr.at\/?page_id=21"},"modified":"2011-04-05T15:21:16","modified_gmt":"2011-04-05T13:21:16","slug":"die-filmkiste","status":"publish","type":"page","link":"https:\/\/www.muettergegenatomgefahr.at\/?page_id=21","title":{"rendered":"die filmkiste"},"content":{"rendered":"<p><strong><\/strong>ist eine Sammlung von Filmen und Dokumentationen und steht allen interessierten Schulen, Vereinen und auch neugierigen Einzelpersonen zum Verleih zur Verf\u00fcgung. Wir weisen darauf hin, dass die Entlehnung unentgeltlich und ausschlie\u00dflich zum privaten Gebrauch erfolgen darf. F\u00fcr manche der Filme verf\u00fcgen wir auch \u00fcber die nichtkommerziellen Vorf\u00fchrrechte &#8211; Anfragen diesbez\u00fcglich k\u00f6nnen Sie gern \u00fcber unsere Kontaktadresse per email an uns richten.<\/p>\n<p><img decoding=\"async\" src=\"http:\/\/muetter.n-design.biz\/bilder\/mga\/51_HPIM0395_1.jpg\" border=\"0\" alt=\"\" align=\"middle\" \/><\/p>\n","protected":false},"excerpt":{"rendered":"<p>ist eine Sammlung von Filmen und Dokumentationen und steht allen interessierten Schulen, Vereinen und auch neugierigen Einzelpersonen zum Verleih zur Verf\u00fcgung. Wir weisen darauf hin, dass die Entlehnung unentgeltlich und ausschlie\u00dflich zum privaten Gebrauch erfolgen darf. F\u00fcr manche der Filme &hellip; <a href=\"https:\/\/www.muettergegenatomgefahr.at\/?page_id=21\">Weiterlesen <span class=\"meta-nav\">&rarr;<\/span><\/a><\/p>\n","protected":false},"author":2,"featured_media":0,"parent":0,"menu_order":0,"comment_status":"open","ping_status":"open","template":"","meta":{"footnotes":""},"class_list":["post-21","page","type-page","status-publish","hentry"],"_links":{"self":[{"href":"https:\/\/www.muettergegenatomgefahr.at\/index.php?rest_route=\/wp\/v2\/pages\/21","targetHints":{"allow":["GET"]}}],"collection":[{"href":"https:\/\/www.muettergegenatomgefahr.at\/index.php?rest_route=\/wp\/v2\/pages"}],"about":[{"href":"https:\/\/www.muettergegenatomgefahr.at\/index.php?rest_route=\/wp\/v2\/types\/page"}],"author":[{"embeddable":true,"href":"https:\/\/www.muettergegenatomgefahr.at\/index.php?rest_route=\/wp\/v2\/users\/2"}],"replies":[{"embeddable":true,"href":"https:\/\/www.muettergegenatomgefahr.at\/index.php?rest_route=%2Fwp%2Fv2%2Fcomments&post=21"}],"version-history":[{"count":7,"href":"https:\/\/www.muettergegenatomgefahr.at\/index.php?rest_route=\/wp\/v2\/pages\/21\/revisions"}],"predecessor-version":[{"id":70,"href":"https:\/\/www.muettergegenatomgefahr.at\/index.php?rest_route=\/wp\/v2\/pages\/21\/revisions\/70"}],"wp:attachment":[{"href":"https:\/\/www.muettergegenatomgefahr.at\/index.php?rest_route=%2Fwp%2Fv2%2Fmedia&parent=21"}],"curies":[{"name":"wp","href":"https:\/\/api.w.org\/{rel}","templated":true}]}}