{"id":224,"date":"2011-05-15T19:57:37","date_gmt":"2011-05-15T17:57:37","guid":{"rendered":"http:\/\/www.muettergegenatomgefahr.at\/?page_id=224"},"modified":"2011-06-01T09:41:23","modified_gmt":"2011-06-01T07:41:23","slug":"kinder-und-jugendliteratur-2","status":"publish","type":"page","link":"https:\/\/www.muettergegenatomgefahr.at\/?page_id=224","title":{"rendered":"# KINDER- UND JUGENDLITERATUR"},"content":{"rendered":"<p><strong><span style=\"color: #993300;\">&#8211; ROMANE U. ERZ\u00c4HLUNGEN<\/span><\/strong><\/p>\n<p>1. BENZ, Doris: LebensWasser<br \/>\n2. BRUCKNER, Karl: Sadako will leben<br \/>\n3. DRUON, Maurice: Tistou mit den gr\u00fcnen Daumen<br \/>\n4. ENDE, Michael: Der satanarch\u00e4ol\u00fcgenialklh\u00f6llisch Wunschpunsch<br \/>\n5. GABEL, Wolfgang: Katastrophen\u00fcbung<br \/>\n7. HETMANN, Frederik \/ TONDERN, Harald: Die Rache der Raben<br \/>\n8. HEYNE, Isolde: Wenn die Nachtigall verstummt<br \/>\n9. KENNETH, Grahame: Der Wind in den Weiden<br \/>\n10. KNAPPE, Heinz: Bei Hamburg leichter Niederschlag<br \/>\n11. MITTERER, Felix: Superhenne Hanna<br \/>\n12. N\u00d6STLINGER, Christine: Luki \u2013live<br \/>\n13. N\u00d6STLINGER, Christine: Nagle den Pudding an die Wand<br \/>\n14. PAULS, Wolfgang: Jule und Steffen bei Greenpeace<br \/>\n15. PAUSEWANG, Gudrun: Die letzten Kinder von Schewenborn<br \/>\n16. PAUSEWANG, Gudrun: Es ist doch alles gr\u00fcn<br \/>\n17. SAUTTER, Metatron und Chistiane: Mira und der Kreidestrich<br \/>\n18. SCHERF, Dagmar: Vorsicht: Paradies<br \/>\n19. SCHWARZER, Udo: Oliver vom \u00d6kowerk<br \/>\n20. VINKE, Hermann (Hrsg.): Als die erste Atombombe fiel<br \/>\n21. WEGNER, Wolfgang \/ STEINKE, Evamaria: Boyboy und die Kanukinder<br \/>\n24. BECKMANN, Thea: Kinder der Mutter Erde<br \/>\n25. PARKKINEN, Jukka: Allstar<\/p>\n<p><span style=\"text-decoration: underline;\"><span style=\"color: #993300;\">Klassenlekt\u00fcre<\/span><\/span><br \/>\nHESSE, Karen: Phoenix Rising (21 B\u00fccher Nr. P 1 \u2013 P 21)<br \/>\nPAUSEWANG, Gudrun: Die Wolke (23 B\u00fccher)<br \/>\nPAUSEWANG,Gudrun: MRAK (10 B\u00fccher NR. M1 -M 10) \u2014(\u201eDie Wolke\u201c in tschechischer Sprache)<\/p>\n<p><strong><span style=\"color: #993300;\">&#8211; SACHB\u00dcCHER<\/span><\/strong><\/p>\n<p>1. HARTL, Sonja (Hrsg.): Experimente, Experimente!<br \/>\n2. MEYERS JUGENDBIBLIOTHEK: Vom Urknall zur Elektrizit\u00e4t<br \/>\n3. PRESS, Hans J\u00fcrgen: Spiel, das Wissen schafft<br \/>\n4. TESSLOFF: Die unglaubliche Reise ins Innere des Atoms, Die unglaubliche Reise an den Rand des Universums<br \/>\n5. TESSLOFF: Mein erstes gro\u00dfes Umweltbuch<br \/>\n6. \u2013 9. GERSTENBERG: FASZINIERENDE FORSCHUNG: Energie<br \/>\n10. \u2013 13. TESSLOFF: WAS IST WAS: Die Sonne<br \/>\n14. \u2013 16. TESSLOFF: WAS IST WAS: Atomenergie<br \/>\n17. STROTDRESS,Gisbert: Was dreht sich da in Wind und Wasser?<br \/>\n18. WOLFRUM, Christine \/ WIEBUS, Hans-Otto: Das Buch von der Energie<\/p>\n<p><strong><span style=\"color: #993300;\">&#8211; BILDERB\u00dcCHER<\/span><\/strong><\/p>\n<p>1. BELAUND\u00c9, Yvonne \/ PRIGENT, Andr\u00e9e: Was ist das, das Leben?<br \/>\n2. EBERHARD, Irmgard \/HARRANTH, Wolf: Mein Bilderbuch von Erde, Wasser, Luft und Feuer<br \/>\n3. JEFFS, Stephanie \/ WINTRINGHAM, Susan: Als Gott das Licht in Farben teilte<br \/>\n4. LOBE, Mira: Das St\u00e4dtchen Drumherum<br \/>\n5. MURSCHETZ, Luis: Der Maulwurf Grabowski<br \/>\n6. PAUSEWANG, Gudrun \/ FUCHSHUBER, Annegert: Die Kinder in der Erde<br \/>\n7. RAY, Jane: Noahs Arche<br \/>\n8. SEIPOLT, Adalbert \/ RUEGENBERG, Lukas: Franz<br \/>\n9. FRISCHMUTH, Barbara: Vom M\u00e4dchen, das \u00fcbers Wasser ging<br \/>\n10. RECHEIS, K\u00e4the: Kleines Monster Schnibulum<\/p>\n","protected":false},"excerpt":{"rendered":"<p>&#8211; ROMANE U. ERZ\u00c4HLUNGEN 1. BENZ, Doris: LebensWasser 2. BRUCKNER, Karl: Sadako will leben 3. DRUON, Maurice: Tistou mit den gr\u00fcnen Daumen 4. ENDE, Michael: Der satanarch\u00e4ol\u00fcgenialklh\u00f6llisch Wunschpunsch 5. GABEL, Wolfgang: Katastrophen\u00fcbung 7. HETMANN, Frederik \/ TONDERN, Harald: Die Rache &hellip; <a href=\"https:\/\/www.muettergegenatomgefahr.at\/?page_id=224\">Weiterlesen <span class=\"meta-nav\">&rarr;<\/span><\/a><\/p>\n","protected":false},"author":2,"featured_media":0,"parent":0,"menu_order":0,"comment_status":"open","ping_status":"open","template":"","meta":{"footnotes":""},"class_list":["post-224","page","type-page","status-publish","hentry"],"_links":{"self":[{"href":"https:\/\/www.muettergegenatomgefahr.at\/index.php?rest_route=\/wp\/v2\/pages\/224","targetHints":{"allow":["GET"]}}],"collection":[{"href":"https:\/\/www.muettergegenatomgefahr.at\/index.php?rest_route=\/wp\/v2\/pages"}],"about":[{"href":"https:\/\/www.muettergegenatomgefahr.at\/index.php?rest_route=\/wp\/v2\/types\/page"}],"author":[{"embeddable":true,"href":"https:\/\/www.muettergegenatomgefahr.at\/index.php?rest_route=\/wp\/v2\/users\/2"}],"replies":[{"embeddable":true,"href":"https:\/\/www.muettergegenatomgefahr.at\/index.php?rest_route=%2Fwp%2Fv2%2Fcomments&post=224"}],"version-history":[{"count":5,"href":"https:\/\/www.muettergegenatomgefahr.at\/index.php?rest_route=\/wp\/v2\/pages\/224\/revisions"}],"predecessor-version":[{"id":258,"href":"https:\/\/www.muettergegenatomgefahr.at\/index.php?rest_route=\/wp\/v2\/pages\/224\/revisions\/258"}],"wp:attachment":[{"href":"https:\/\/www.muettergegenatomgefahr.at\/index.php?rest_route=%2Fwp%2Fv2%2Fmedia&parent=224"}],"curies":[{"name":"wp","href":"https:\/\/api.w.org\/{rel}","templated":true}]}}